{"id":143,"date":"2024-10-28T16:15:23","date_gmt":"2024-10-28T15:15:23","guid":{"rendered":"https:\/\/cinqcentimetres.com\/?page_id=143"},"modified":"2024-10-28T16:15:23","modified_gmt":"2024-10-28T15:15:23","slug":"compositions-de-tables-et-photophores","status":"publish","type":"page","link":"https:\/\/cinqcentimetres.com\/index.php\/compositions-de-tables-et-photophores\/","title":{"rendered":"Compositions de tables et photophores"},"content":{"rendered":"\n<p>Que vous pr\u00e9f\u00e9riez des compositions volumineuses ou une table parsem\u00e9e de mini bouquets, que vous ayez envie de lumi\u00e8re ou de compositions suspendues, je m&rsquo;adapte \u00e0 vos souhaits pour d\u00e9corer la table de votre r\u00e9ception. <\/p>\n\n\n\n<p>Ces compositions durables pourront \u00eatre offerts \u00e0 vos t\u00e9moins, familles et amis en souvenir du grand jour.<\/p>\n\n\n\n<figure class=\"wp-block-gallery has-nested-images columns-default is-cropped wp-block-gallery-1 is-layout-flex wp-block-gallery-is-layout-flex\">\n<figure class=\"wp-block-image size-large\"><img loading=\"lazy\" decoding=\"async\" width=\"1033\" height=\"1550\" data-id=\"155\" src=\"https:\/\/cinqcentimetres.com\/wp-content\/uploads\/2024\/10\/gde-compo-edited.jpg\" alt=\"\" class=\"wp-image-155\" srcset=\"https:\/\/cinqcentimetres.com\/wp-content\/uploads\/2024\/10\/gde-compo-edited.jpg 1033w, https:\/\/cinqcentimetres.com\/wp-content\/uploads\/2024\/10\/gde-compo-edited-200x300.jpg 200w, https:\/\/cinqcentimetres.com\/wp-content\/uploads\/2024\/10\/gde-compo-edited-682x1024.jpg 682w, https:\/\/cinqcentimetres.com\/wp-content\/uploads\/2024\/10\/gde-compo-edited-768x1152.jpg 768w, https:\/\/cinqcentimetres.com\/wp-content\/uploads\/2024\/10\/gde-compo-edited-1024x1536.jpg 1024w\" sizes=\"auto, (max-width: 1033px) 100vw, 1033px\" \/><\/figure>\n\n\n\n<figure class=\"wp-block-image size-large\"><img loading=\"lazy\" decoding=\"async\" width=\"1920\" height=\"2560\" data-id=\"156\" src=\"https:\/\/cinqcentimetres.com\/wp-content\/uploads\/2024\/10\/IMG20240327183230-edited-scaled.jpg\" alt=\"\" class=\"wp-image-156\" srcset=\"https:\/\/cinqcentimetres.com\/wp-content\/uploads\/2024\/10\/IMG20240327183230-edited-scaled.jpg 1920w, https:\/\/cinqcentimetres.com\/wp-content\/uploads\/2024\/10\/IMG20240327183230-edited-225x300.jpg 225w, https:\/\/cinqcentimetres.com\/wp-content\/uploads\/2024\/10\/IMG20240327183230-edited-768x1024.jpg 768w, https:\/\/cinqcentimetres.com\/wp-content\/uploads\/2024\/10\/IMG20240327183230-edited-1152x1536.jpg 1152w, https:\/\/cinqcentimetres.com\/wp-content\/uploads\/2024\/10\/IMG20240327183230-edited-1536x2048.jpg 1536w\" sizes=\"auto, (max-width: 1920px) 100vw, 1920px\" \/><\/figure>\n\n\n\n<figure class=\"wp-block-image size-large\"><img loading=\"lazy\" decoding=\"async\" width=\"768\" height=\"1024\" data-id=\"152\" src=\"http:\/\/cinqcentimetres.com\/wp-content\/uploads\/2024\/10\/IMG20240512104316-768x1024.jpg\" alt=\"\" class=\"wp-image-152\" srcset=\"https:\/\/cinqcentimetres.com\/wp-content\/uploads\/2024\/10\/IMG20240512104316-768x1024.jpg 768w, https:\/\/cinqcentimetres.com\/wp-content\/uploads\/2024\/10\/IMG20240512104316-225x300.jpg 225w, https:\/\/cinqcentimetres.com\/wp-content\/uploads\/2024\/10\/IMG20240512104316-1152x1536.jpg 1152w, https:\/\/cinqcentimetres.com\/wp-content\/uploads\/2024\/10\/IMG20240512104316-1536x2048.jpg 1536w, https:\/\/cinqcentimetres.com\/wp-content\/uploads\/2024\/10\/IMG20240512104316-scaled.jpg 1920w\" sizes=\"auto, (max-width: 768px) 100vw, 768px\" \/><\/figure>\n\n\n\n<figure class=\"wp-block-image size-large\"><img loading=\"lazy\" decoding=\"async\" width=\"768\" height=\"1024\" data-id=\"154\" src=\"http:\/\/cinqcentimetres.com\/wp-content\/uploads\/2024\/10\/IMG20240526105300-768x1024.jpg\" alt=\"\" class=\"wp-image-154\" srcset=\"https:\/\/cinqcentimetres.com\/wp-content\/uploads\/2024\/10\/IMG20240526105300-768x1024.jpg 768w, https:\/\/cinqcentimetres.com\/wp-content\/uploads\/2024\/10\/IMG20240526105300-225x300.jpg 225w, https:\/\/cinqcentimetres.com\/wp-content\/uploads\/2024\/10\/IMG20240526105300-1152x1536.jpg 1152w, https:\/\/cinqcentimetres.com\/wp-content\/uploads\/2024\/10\/IMG20240526105300-1536x2048.jpg 1536w, https:\/\/cinqcentimetres.com\/wp-content\/uploads\/2024\/10\/IMG20240526105300-scaled.jpg 1920w\" sizes=\"auto, (max-width: 768px) 100vw, 768px\" \/><\/figure>\n\n\n\n<figure class=\"wp-block-image size-large\"><img loading=\"lazy\" decoding=\"async\" width=\"1024\" height=\"683\" data-id=\"151\" src=\"http:\/\/cinqcentimetres.com\/wp-content\/uploads\/2024\/10\/compo-ardoise-1024x683.jpg\" alt=\"\" class=\"wp-image-151\" srcset=\"https:\/\/cinqcentimetres.com\/wp-content\/uploads\/2024\/10\/compo-ardoise-1024x683.jpg 1024w, https:\/\/cinqcentimetres.com\/wp-content\/uploads\/2024\/10\/compo-ardoise-300x200.jpg 300w, https:\/\/cinqcentimetres.com\/wp-content\/uploads\/2024\/10\/compo-ardoise-768x512.jpg 768w, https:\/\/cinqcentimetres.com\/wp-content\/uploads\/2024\/10\/compo-ardoise-1536x1024.jpg 1536w, https:\/\/cinqcentimetres.com\/wp-content\/uploads\/2024\/10\/compo-ardoise-2048x1365.jpg 2048w\" sizes=\"auto, (max-width: 1024px) 100vw, 1024px\" \/><\/figure>\n<\/figure>\n\n\n\n<p><\/p>\n","protected":false},"excerpt":{"rendered":"<p>Que vous pr\u00e9f\u00e9riez des compositions volumineuses ou une table parsem\u00e9e de mini bouquets, que vous ayez envie de lumi\u00e8re ou [&hellip;]<\/p>\n","protected":false},"author":1,"featured_media":0,"parent":0,"menu_order":0,"comment_status":"closed","ping_status":"closed","template":"","meta":{"footnotes":""},"class_list":["post-143","page","type-page","status-publish","hentry"],"_links":{"self":[{"href":"https:\/\/cinqcentimetres.com\/index.php\/wp-json\/wp\/v2\/pages\/143","targetHints":{"allow":["GET"]}}],"collection":[{"href":"https:\/\/cinqcentimetres.com\/index.php\/wp-json\/wp\/v2\/pages"}],"about":[{"href":"https:\/\/cinqcentimetres.com\/index.php\/wp-json\/wp\/v2\/types\/page"}],"author":[{"embeddable":true,"href":"https:\/\/cinqcentimetres.com\/index.php\/wp-json\/wp\/v2\/users\/1"}],"replies":[{"embeddable":true,"href":"https:\/\/cinqcentimetres.com\/index.php\/wp-json\/wp\/v2\/comments?post=143"}],"version-history":[{"count":1,"href":"https:\/\/cinqcentimetres.com\/index.php\/wp-json\/wp\/v2\/pages\/143\/revisions"}],"predecessor-version":[{"id":157,"href":"https:\/\/cinqcentimetres.com\/index.php\/wp-json\/wp\/v2\/pages\/143\/revisions\/157"}],"wp:attachment":[{"href":"https:\/\/cinqcentimetres.com\/index.php\/wp-json\/wp\/v2\/media?parent=143"}],"curies":[{"name":"wp","href":"https:\/\/api.w.org\/{rel}","templated":true}]}}